{"id":4683,"date":"2019-11-15T11:39:28","date_gmt":"2019-11-15T10:39:28","guid":{"rendered":"http:\/\/www.permind.eu\/learningplatform\/studije-primerov\/"},"modified":"2019-11-15T11:39:33","modified_gmt":"2019-11-15T10:39:33","slug":"studije-primerov","status":"publish","type":"page","link":"https:\/\/www.permind.eu\/learningplatform\/studije-primerov\/?lang=sl","title":{"rendered":"\u0160tudije primerov"},"content":{"rendered":"<p>[et_pb_section fb_built=&#8221;1&#8243; admin_label=&#8221;section&#8221; _builder_version=&#8221;3.29.3&#8243; _dynamic_attributes=&#8221;link_option_url&#8221; custom_margin=&#8221;|||-2px||&#8221; link_option_url=&#8221;@ET-DC@eyJkeW5hbWljIjp0cnVlLCJjb250ZW50IjoicG9zdF9saW5rX3VybF9hdHRhY2htZW50Iiwic2V0dGluZ3MiOnsicG9zdF9pZCI6IjM0NDEifX0=@&#8221; link_option_url_new_window=&#8221;on&#8221; fb_built=&#8221;1&#8243; _i=&#8221;0&#8243; _address=&#8221;0&#8243;][et_pb_row column_structure=&#8221;1_3,1_3,1_3&#8243; admin_label=&#8221;row&#8221; _builder_version=&#8221;3.25&#8243; background_size=&#8221;initial&#8221; background_position=&#8221;top_left&#8221; background_repeat=&#8221;repeat&#8221; _i=&#8221;0&#8243; _address=&#8221;0.0&#8243;][et_pb_column type=&#8221;1_3&#8243; _builder_version=&#8221;3.25&#8243; custom_padding=&#8221;|||&#8221; _i=&#8221;0&#8243; _address=&#8221;0.0.0&#8243; custom_padding__hover=&#8221;|||&#8221;][et_pb_image src=&#8221;http:\/\/www.permind.eu\/learningplatform\/wp-content\/uploads\/2019\/10\/panel-solar.png&#8221; url_new_window=&#8221;on&#8221; _builder_version=&#8221;3.29.3&#8243; hover_enabled=&#8221;0&#8243; _i=&#8221;0&#8243; _address=&#8221;0.0.0.0&#8243; url=&#8221;http:\/\/www.permind.eu\/learningplatform\/wp-content\/uploads\/2019\/11\/Case-Study-In-ProcessSLO.pdf&#8221;][\/et_pb_image][et_pb_text _builder_version=&#8221;3.29.3&#8243; hover_enabled=&#8221;0&#8243; _i=&#8221;1&#8243; _address=&#8221;0.0.0.1&#8243;]<\/p>\n<h2 style=\"text-align: center;\"><span style=\"color: #b3bf00;\"><strong>V teku<\/strong><\/span><\/h2>\n<p>[\/et_pb_text][et_pb_text _builder_version=&#8221;3.29.3&#8243; _i=&#8221;2&#8243; _address=&#8221;0.0.0.2&#8243;]<\/p>\n<p style=\"text-align: justify;\">G je imel hudo depresijo. Je zelo samostojna oseba in je pred in med Permindom imel razli\u010dna delovna mesta. Potreboval je terapijo.<\/p>\n<p>[\/et_pb_text][\/et_pb_column][et_pb_column type=&#8221;1_3&#8243; _builder_version=&#8221;3.25&#8243; custom_padding=&#8221;|||&#8221; _i=&#8221;1&#8243; _address=&#8221;0.0.1&#8243; custom_padding__hover=&#8221;|||&#8221;][et_pb_image src=&#8221;http:\/\/www.permind.eu\/learningplatform\/wp-content\/uploads\/2019\/10\/Prueba2-300_150.png&#8221; url=&#8221;http:\/\/www.permind.eu\/learningplatform\/wp-content\/uploads\/2019\/11\/Case-Study-Love-for-LearningSLO.pdf&#8221; url_new_window=&#8221;on&#8221; align=&#8221;center&#8221; _builder_version=&#8221;3.29.3&#8243; hover_enabled=&#8221;0&#8243; _i=&#8221;0&#8243; _address=&#8221;0.0.1.0&#8243;][\/et_pb_image][et_pb_text _builder_version=&#8221;3.29.3&#8243; hover_enabled=&#8221;0&#8243; _i=&#8221;1&#8243; _address=&#8221;0.0.1.1&#8243;]<\/p>\n<h2 style=\"text-align: center;\"><span style=\"color: #b3bf00;\"><strong>Ljubezen do u\u010denja<\/strong><\/span><\/h2>\n<p>[\/et_pb_text][et_pb_text _builder_version=&#8221;3.29.3&#8243; _i=&#8221;2&#8243; _address=&#8221;0.0.1.2&#8243;]J. je \u017ee delal v sadovnjakih pred Permindom, je mlad fant z u\u010dnimi te\u017eavami, a kljub temu rad u\u010di nove stvari. Imel je nekaj te\u017eav pri delu v timu. Zdaj je timski delavec.[\/et_pb_text][\/et_pb_column][et_pb_column type=&#8221;1_3&#8243; _builder_version=&#8221;3.25&#8243; custom_padding=&#8221;|||&#8221; _i=&#8221;2&#8243; _address=&#8221;0.0.2&#8243; custom_padding__hover=&#8221;|||&#8221;][et_pb_image src=&#8221;http:\/\/www.permind.eu\/learningplatform\/wp-content\/uploads\/2019\/10\/abono.png&#8221; url=&#8221;http:\/\/www.permind.eu\/learningplatform\/wp-content\/uploads\/2019\/11\/Case-Study-MarkoMB-2.pdf&#8221; url_new_window=&#8221;on&#8221; align=&#8221;center&#8221; _builder_version=&#8221;3.29.3&#8243; hover_enabled=&#8221;0&#8243; _i=&#8221;0&#8243; _address=&#8221;0.0.2.0&#8243;][\/et_pb_image][et_pb_text _builder_version=&#8221;3.29.3&#8243; hover_enabled=&#8221;0&#8243; _i=&#8221;1&#8243; _address=&#8221;0.0.2.1&#8243;]<\/p>\n<h2 style=\"text-align: center;\"><span style=\"color: #b3bf00;\">Marko<\/span><\/h2>\n<p>[\/et_pb_text][et_pb_text _builder_version=&#8221;3.29.3&#8243; _i=&#8221;2&#8243; _address=&#8221;0.0.2.2&#8243;]Marko je upokojen. Moti ga ne le njegova izku\u0161nja z du\u0161evno boleznijo, ampak tudi pomanjkanje namena. Kot upokojenec na invalidski pokojnini je njegova vpra\u0161anja deloma posledica tega, da &#8220;nima kaj po\u010deti&#8221;, kot pravi. Malo ga je zanimalo vrtnarjenje ali permakultura.[\/et_pb_text][\/et_pb_column][\/et_pb_row][et_pb_row column_structure=&#8221;1_3,1_3,1_3&#8243; admin_label=&#8221;row&#8221; _builder_version=&#8221;3.25&#8243; background_size=&#8221;initial&#8221; background_position=&#8221;top_left&#8221; background_repeat=&#8221;repeat&#8221; _i=&#8221;1&#8243; _address=&#8221;0.1&#8243;][et_pb_column type=&#8221;1_3&#8243; _builder_version=&#8221;3.25&#8243; custom_padding=&#8221;|||&#8221; _i=&#8221;0&#8243; _address=&#8221;0.1.0&#8243; custom_padding__hover=&#8221;|||&#8221;][et_pb_image src=&#8221;http:\/\/www.permind.eu\/learningplatform\/wp-content\/uploads\/2019\/10\/pimiento-1.png&#8221; url=&#8221;http:\/\/www.permind.eu\/learningplatform\/wp-content\/uploads\/2019\/11\/Case-Study-Overcoming-FearSLO.pdf&#8221; url_new_window=&#8221;on&#8221; _builder_version=&#8221;3.29.3&#8243; hover_enabled=&#8221;0&#8243; _i=&#8221;0&#8243; _address=&#8221;0.1.0.0&#8243;][\/et_pb_image][et_pb_text _builder_version=&#8221;3.29.3&#8243; hover_enabled=&#8221;0&#8243; _i=&#8221;1&#8243; _address=&#8221;0.1.0.1&#8243;]<\/p>\n<h2 style=\"text-align: center;\"><span style=\"color: #b3bf00;\"><strong>Premagovanje strahu<\/strong><\/span><\/h2>\n<p>[\/et_pb_text][et_pb_text _builder_version=&#8221;3.29.3&#8243; _i=&#8221;2&#8243; _address=&#8221;0.1.0.2&#8243;]<\/p>\n<p style=\"text-align: justify;\">R. je pred 38 leti huda depresija in panika, da bi u\u0161el na ulico in se pogovarjal z ljudmi. \u017divljenje R se je po PERMIND popolnoma spremenilo<\/p>\n<p>[\/et_pb_text][\/et_pb_column][et_pb_column type=&#8221;1_3&#8243; _builder_version=&#8221;3.25&#8243; custom_padding=&#8221;|||&#8221; _i=&#8221;1&#8243; _address=&#8221;0.1.1&#8243; custom_padding__hover=&#8221;|||&#8221;][et_pb_image src=&#8221;http:\/\/www.permind.eu\/learningplatform\/wp-content\/uploads\/2019\/10\/pala.png&#8221; url=&#8221;http:\/\/www.permind.eu\/learningplatform\/wp-content\/uploads\/2019\/11\/Case-Study-ManuelSLO.pdf&#8221; url_new_window=&#8221;on&#8221; align=&#8221;center&#8221; _builder_version=&#8221;3.29.3&#8243; hover_enabled=&#8221;0&#8243; _i=&#8221;0&#8243; _address=&#8221;0.1.1.0&#8243;][\/et_pb_image][et_pb_text _builder_version=&#8221;3.29.3&#8243; hover_enabled=&#8221;0&#8243; _i=&#8221;1&#8243; _address=&#8221;0.1.1.1&#8243;]<\/p>\n<h2 style=\"text-align: center;\"><span style=\"color: #b3bf00;\"><strong>Pretvorjena \u00a0<\/strong><\/span><\/h2>\n<p>[\/et_pb_text][et_pb_text _builder_version=&#8221;3.29.3&#8243; _i=&#8221;2&#8243; _address=&#8221;0.1.1.2&#8243;]M. je upokojen. Rodil se je in odra\u0161\u010dal na pode\u017eelju in na kmetiji. V\u010dasih je bil kmet in mislil je, da \u017ee ve vse o kmetijski problematiki. PERMIND si je premislil.[\/et_pb_text][\/et_pb_column][et_pb_column type=&#8221;1_3&#8243; _builder_version=&#8221;3.25&#8243; custom_padding=&#8221;|||&#8221; _i=&#8221;2&#8243; _address=&#8221;0.1.2&#8243; custom_padding__hover=&#8221;|||&#8221;][et_pb_image src=&#8221;http:\/\/www.permind.eu\/learningplatform\/wp-content\/uploads\/2019\/10\/raiz.png&#8221; url=&#8221;http:\/\/www.permind.eu\/learningplatform\/wp-content\/uploads\/2019\/11\/Case-Study-MarianoSLO.pdf&#8221; url_new_window=&#8221;on&#8221; align=&#8221;center&#8221; _builder_version=&#8221;3.29.3&#8243; hover_enabled=&#8221;0&#8243; _i=&#8221;0&#8243; _address=&#8221;0.1.2.0&#8243;][\/et_pb_image][et_pb_text _builder_version=&#8221;3.29.3&#8243; hover_enabled=&#8221;0&#8243; _i=&#8221;1&#8243; _address=&#8221;0.1.2.1&#8243;]<\/p>\n<h2 style=\"text-align: center;\"><span style=\"color: #b3bf00;\"><strong>Trener <\/strong><\/span><\/h2>\n<p>[\/et_pb_text][et_pb_text _builder_version=&#8221;3.29.3&#8243; _i=&#8221;2&#8243; _address=&#8221;0.1.2.2&#8243;]<\/p>\n<p style=\"text-align: justify;\">Mislil je, da se je treba le nekaj drugega nau\u010diti, vendar ni pri\u010dakoval, da bi permakultura lahko bila prava alternativa tradicionalnemu ali ekolo\u0161kemu kmetijstvu<\/p>\n<p>[\/et_pb_text][\/et_pb_column][\/et_pb_row][et_pb_row column_structure=&#8221;1_3,1_3,1_3&#8243; admin_label=&#8221;row&#8221; _builder_version=&#8221;3.25&#8243; background_size=&#8221;initial&#8221; background_position=&#8221;top_left&#8221; background_repeat=&#8221;repeat&#8221; _i=&#8221;2&#8243; _address=&#8221;0.2&#8243;][et_pb_column type=&#8221;1_3&#8243; _builder_version=&#8221;3.25&#8243; custom_padding=&#8221;|||&#8221; _i=&#8221;0&#8243; _address=&#8221;0.2.0&#8243; custom_padding__hover=&#8221;|||&#8221;][et_pb_image src=&#8221;http:\/\/www.permind.eu\/learningplatform\/wp-content\/uploads\/2019\/10\/probeta.png&#8221; url=&#8221;http:\/\/www.permind.eu\/learningplatform\/wp-content\/uploads\/2019\/11\/Case-Study-Skofja-Loka-3.pdf&#8221; url_new_window=&#8221;on&#8221; _builder_version=&#8221;3.29.3&#8243; hover_enabled=&#8221;0&#8243; _i=&#8221;0&#8243; _address=&#8221;0.2.0.0&#8243;][\/et_pb_image][et_pb_text _builder_version=&#8221;3.29.3&#8243; hover_enabled=&#8221;0&#8243; _i=&#8221;1&#8243; _address=&#8221;0.2.0.1&#8243;]<\/p>\n<h2 style=\"text-align: center;\"><span style=\"color: #b3bf00;\"><strong>\u0160kofja Loka \/ Izku\u0161nja dnevnega centra<\/strong><\/span><\/h2>\n<p>[\/et_pb_text][et_pb_text _builder_version=&#8221;3.29.3&#8243; custom_padding=&#8221;||0px|||&#8221; _i=&#8221;2&#8243; _address=&#8221;0.2.0.2&#8243;]Uporabniki in uporabniki storitev v \u0160kofji Loki niso imeli prej\u0161njega vrta in le 2 uporabnika sta imela vrtnarske izku\u0161nje. Dnevni center se nahaja v sredi\u0161\u010du mesta in ima malo mo\u017enosti za telovadbo ali prakti\u010dno delo.[\/et_pb_text][\/et_pb_column][et_pb_column type=&#8221;1_3&#8243; _builder_version=&#8221;3.25&#8243; custom_padding=&#8221;|||&#8221; _i=&#8221;1&#8243; _address=&#8221;0.2.1&#8243; custom_padding__hover=&#8221;|||&#8221;][et_pb_image src=&#8221;http:\/\/www.permind.eu\/learningplatform\/wp-content\/uploads\/2019\/10\/zanahoria.png&#8221; url=&#8221;http:\/\/www.permind.eu\/learningplatform\/wp-content\/uploads\/2019\/11\/Case-Study_Noas_trainers-4.pdf&#8221; url_new_window=&#8221;on&#8221; align=&#8221;center&#8221; _builder_version=&#8221;3.29.3&#8243; hover_enabled=&#8221;0&#8243; _i=&#8221;0&#8243; _address=&#8221;0.2.1.0&#8243;][\/et_pb_image][et_pb_text _builder_version=&#8221;3.29.3&#8243; hover_enabled=&#8221;0&#8243; _i=&#8221;1&#8243; _address=&#8221;0.2.1.1&#8243;]<\/p>\n<h2 style=\"text-align: center;\"><span style=\"color: #b3bf00;\"><strong>Onsala trenerji<\/strong><\/span><\/h2>\n<p>[\/et_pb_text][et_pb_text _builder_version=&#8221;3.29.3&#8243; custom_padding=&#8221;||0px|||&#8221; _i=&#8221;2&#8243; _address=&#8221;0.2.1.2&#8243;]Ljudje s te\u017eavami v zvezi z du\u0161evnim zdravjem \u017ee nekaj let prihajajo v Onsale na rehabilitacijo in na pomo\u010d z naravo in \u017eivalmi. Ve\u010dina ljudi ima te\u017eave, povezane s stresom, ali zaradi drugih razlogov ne morejo delati kratek ali dalj\u0161i \u010das.[\/et_pb_text][\/et_pb_column][et_pb_column type=&#8221;1_3&#8243; _builder_version=&#8221;3.25&#8243; custom_padding=&#8221;|||&#8221; _i=&#8221;2&#8243; _address=&#8221;0.2.2&#8243; custom_padding__hover=&#8221;|||&#8221;][et_pb_image src=&#8221;http:\/\/www.permind.eu\/learningplatform\/wp-content\/uploads\/2019\/10\/riego.png&#8221; url=&#8221;http:\/\/www.permind.eu\/learningplatform\/wp-content\/uploads\/2019\/11\/Case-Study-Ljubljana-2.pdf&#8221; url_new_window=&#8221;on&#8221; align=&#8221;center&#8221; _builder_version=&#8221;3.29.3&#8243; hover_enabled=&#8221;0&#8243; _i=&#8221;0&#8243; _address=&#8221;0.2.2.0&#8243;][\/et_pb_image][et_pb_text _builder_version=&#8221;3.29.3&#8243; hover_enabled=&#8221;0&#8243; _i=&#8221;1&#8243; _address=&#8221;0.2.2.1&#8243;]<\/p>\n<h2 style=\"text-align: center;\"><span style=\"color: #b3bf00;\">Ljubljana (Je\u017eica)<\/span><\/h2>\n<p>[\/et_pb_text][et_pb_text _builder_version=&#8221;3.29.3&#8243; custom_padding=&#8221;||0px|||&#8221; _i=&#8221;2&#8243; _address=&#8221;0.2.2.2&#8243;]Skupina Je\u017eica, stanovanjska skupina, je hi\u0161a, v kateri ljudje s te\u017eavami v du\u0161evnem zdravju \u017eivijo samostojno, z tedenskimi sestanki mentorja, ki jim pomaga pri njihovih te\u017eavah, kot so ohranjanje \u010distega, dobro prehranjevanje in telovadba, dobro komuniciranje in drugi vidiki \u017eivljenja. Z malo financiranja in du\u0161evnih bolezni mnogi prebivalci najdejo malo razlogov, da bi se anga\u017eirali. Tukaj pride PERMIND.[\/et_pb_text][\/et_pb_column][\/et_pb_row][et_pb_row column_structure=&#8221;1_3,1_3,1_3&#8243; admin_label=&#8221;row&#8221; _builder_version=&#8221;3.25&#8243; background_size=&#8221;initial&#8221; background_position=&#8221;top_left&#8221; background_repeat=&#8221;repeat&#8221; _i=&#8221;3&#8243; _address=&#8221;0.3&#8243;][et_pb_column type=&#8221;1_3&#8243; _builder_version=&#8221;3.25&#8243; custom_padding=&#8221;|||&#8221; _i=&#8221;0&#8243; _address=&#8221;0.3.0&#8243; custom_padding__hover=&#8221;|||&#8221;][et_pb_image src=&#8221;http:\/\/www.permind.eu\/learningplatform\/wp-content\/uploads\/2019\/10\/granjero.png&#8221; url=&#8221;http:\/\/www.permind.eu\/learningplatform\/wp-content\/uploads\/2019\/11\/Case-Study-SantosSLO.pdf&#8221; url_new_window=&#8221;on&#8221; _builder_version=&#8221;3.29.3&#8243; hover_enabled=&#8221;0&#8243; _i=&#8221;0&#8243; _address=&#8221;0.3.0.0&#8243;][\/et_pb_image][et_pb_text _builder_version=&#8221;3.29.3&#8243; hover_enabled=&#8221;0&#8243; _i=&#8221;1&#8243; _address=&#8221;0.3.0.1&#8243;]<\/p>\n<h2 style=\"text-align: center;\"><span style=\"color: #b3bf00;\"><strong>Nova dr\u017ea <\/strong><\/span><\/h2>\n<p>[\/et_pb_text][et_pb_text _builder_version=&#8221;3.29.3&#8243; custom_padding=&#8221;||0px|||&#8221; _i=&#8221;2&#8243; _address=&#8221;0.3.0.2&#8243;]S. je bil povezan s pode\u017eeljem, ker je tam \u017eivel, pa tudi z vrtnarjenjem. Ekolo\u0161ko kmetijstvo je \u017ee poznal, ko je za\u010del te\u010daj. PERMIND je v S-odnosu do \u017eivljenja na splo\u0161no spremenil 180 \u00b0 spremembo.[\/et_pb_text][\/et_pb_column][et_pb_column type=&#8221;1_3&#8243; _builder_version=&#8221;3.25&#8243; custom_padding=&#8221;|||&#8221; _i=&#8221;1&#8243; _address=&#8221;0.3.1&#8243; custom_padding__hover=&#8221;|||&#8221;][et_pb_image src=&#8221;http:\/\/www.permind.eu\/learningplatform\/wp-content\/uploads\/2019\/10\/Prueba-300_150-1.png&#8221; url=&#8221;http:\/\/www.permind.eu\/learningplatform\/wp-content\/uploads\/2019\/11\/Case-Study-Template_participant-4.pdf&#8221; url_new_window=&#8221;on&#8221; align=&#8221;center&#8221; _builder_version=&#8221;3.29.3&#8243; hover_enabled=&#8221;0&#8243; _i=&#8221;0&#8243; _address=&#8221;0.3.1.0&#8243;][\/et_pb_image][et_pb_text _builder_version=&#8221;3.29.3&#8243; hover_enabled=&#8221;0&#8243; _i=&#8221;1&#8243; _address=&#8221;0.3.1.1&#8243;]<\/p>\n<h2 style=\"text-align: center;\"><span style=\"color: #b3bf00;\"><strong>Odhod domov <\/strong><\/span><\/h2>\n<p>[\/et_pb_text][et_pb_text _builder_version=&#8221;3.29.3&#8243; custom_padding=&#8221;||0px|||&#8221; _i=&#8221;2&#8243; _address=&#8221;0.3.1.2&#8243;]Mo\u0161ki, star 32 let, je v zadnjem semestru visokega \u0161olstva dobil tako hude te\u017eave, povezane s stresom, da dve leti ni mogel zapustiti svojega doma. Nevrolo\u0161ka okvara in izguba spomina sta bila nekaj simptomov. Ni imel predhodnih izku\u0161enj z vrtnarjenjem ali permakulturo.[\/et_pb_text][\/et_pb_column][et_pb_column type=&#8221;1_3&#8243; _builder_version=&#8221;3.25&#8243; custom_padding=&#8221;|||&#8221; _i=&#8221;2&#8243; _address=&#8221;0.3.2&#8243; custom_padding__hover=&#8221;|||&#8221;][\/et_pb_column][\/et_pb_row][\/et_pb_section]<\/p>\n","protected":false},"excerpt":{"rendered":"<p>[et_pb_section fb_built=&#8221;1&#8243; admin_label=&#8221;section&#8221; _builder_version=&#8221;3.29.3&#8243; _dynamic_attributes=&#8221;link_option_url&#8221; custom_margin=&#8221;|||-2px||&#8221; link_option_url=&#8221;@ET-DC@eyJkeW5hbWljIjp0cnVlLCJjb250ZW50IjoicG9zdF9saW5rX3VybF9hdHRhY2htZW50Iiwic2V0dGluZ3MiOnsicG9zdF9pZCI6IjM0NDEifX0=@&#8221; link_option_url_new_window=&#8221;on&#8221; fb_built=&#8221;1&#8243; _i=&#8221;0&#8243; _address=&#8221;0&#8243;][et_pb_row column_structure=&#8221;1_3,1_3,1_3&#8243; admin_label=&#8221;row&#8221; _builder_version=&#8221;3.25&#8243; background_size=&#8221;initial&#8221; background_position=&#8221;top_left&#8221; background_repeat=&#8221;repeat&#8221; _i=&#8221;0&#8243; _address=&#8221;0.0&#8243;][et_pb_column type=&#8221;1_3&#8243; _builder_version=&#8221;3.25&#8243; custom_padding=&#8221;|||&#8221; _i=&#8221;0&#8243; _address=&#8221;0.0.0&#8243; custom_padding__hover=&#8221;|||&#8221;][et_pb_image src=&#8221;http:\/\/www.permind.eu\/learningplatform\/wp-content\/uploads\/2019\/10\/panel-solar.png&#8221; url_new_window=&#8221;on&#8221; _builder_version=&#8221;3.29.3&#8243; hover_enabled=&#8221;0&#8243; _i=&#8221;0&#8243; _address=&#8221;0.0.0.0&#8243; url=&#8221;http:\/\/www.permind.eu\/learningplatform\/wp-content\/uploads\/2019\/11\/Case-Study-In-ProcessSLO.pdf&#8221;][\/et_pb_image][et_pb_text _builder_version=&#8221;3.29.3&#8243; hover_enabled=&#8221;0&#8243; _i=&#8221;1&#8243; _address=&#8221;0.0.0.1&#8243;] V teku [\/et_pb_text][et_pb_text _builder_version=&#8221;3.29.3&#8243; _i=&#8221;2&#8243; _address=&#8221;0.0.0.2&#8243;] G je imel hudo depresijo. Je zelo samostojna oseba in je pred in [&hellip;]<\/p>\n","protected":false},"author":4,"featured_media":0,"parent":0,"menu_order":0,"comment_status":"closed","ping_status":"closed","template":"","meta":{"_et_pb_use_builder":"on","_et_pb_old_content":"","footnotes":""},"_links":{"self":[{"href":"https:\/\/www.permind.eu\/learningplatform\/wp-json\/wp\/v2\/pages\/4683"}],"collection":[{"href":"https:\/\/www.permind.eu\/learningplatform\/wp-json\/wp\/v2\/pages"}],"about":[{"href":"https:\/\/www.permind.eu\/learningplatform\/wp-json\/wp\/v2\/types\/page"}],"author":[{"embeddable":true,"href":"https:\/\/www.permind.eu\/learningplatform\/wp-json\/wp\/v2\/users\/4"}],"replies":[{"embeddable":true,"href":"https:\/\/www.permind.eu\/learningplatform\/wp-json\/wp\/v2\/comments?post=4683"}],"version-history":[{"count":3,"href":"https:\/\/www.permind.eu\/learningplatform\/wp-json\/wp\/v2\/pages\/4683\/revisions"}],"predecessor-version":[{"id":4686,"href":"https:\/\/www.permind.eu\/learningplatform\/wp-json\/wp\/v2\/pages\/4683\/revisions\/4686"}],"wp:attachment":[{"href":"https:\/\/www.permind.eu\/learningplatform\/wp-json\/wp\/v2\/media?parent=4683"}],"curies":[{"name":"wp","href":"https:\/\/api.w.org\/{rel}","templated":true}]}}