{"id":4840,"date":"2019-11-18T09:32:57","date_gmt":"2019-11-18T08:32:57","guid":{"rendered":"http:\/\/www.permind.eu\/learningplatform\/epilogo-y-agradecimientos\/"},"modified":"2019-11-18T09:32:58","modified_gmt":"2019-11-18T08:32:58","slug":"epilogo-y-agradecimientos","status":"publish","type":"page","link":"https:\/\/www.permind.eu\/learningplatform\/epilogo-y-agradecimientos\/?lang=es","title":{"rendered":"EP\u00cdLOGO Y AGRADECIMIENTOS"},"content":{"rendered":"<p>[et_pb_section bb_built=&#8221;1&#8243;][et_pb_row][et_pb_column type=&#8221;4_4&#8243;][et_pb_text _builder_version=&#8221;4.0.6&#8243; text_text_shadow_horizontal_length=&#8221;text_text_shadow_style,%91object Object%93&#8243; text_text_shadow_horizontal_length_tablet=&#8221;0px&#8221; text_text_shadow_vertical_length=&#8221;text_text_shadow_style,%91object Object%93&#8243; text_text_shadow_vertical_length_tablet=&#8221;0px&#8221; text_text_shadow_blur_strength=&#8221;text_text_shadow_style,%91object Object%93&#8243; text_text_shadow_blur_strength_tablet=&#8221;1px&#8221; link_text_shadow_horizontal_length=&#8221;link_text_shadow_style,%91object Object%93&#8243; link_text_shadow_horizontal_length_tablet=&#8221;0px&#8221; link_text_shadow_vertical_length=&#8221;link_text_shadow_style,%91object Object%93&#8243; link_text_shadow_vertical_length_tablet=&#8221;0px&#8221; link_text_shadow_blur_strength=&#8221;link_text_shadow_style,%91object Object%93&#8243; link_text_shadow_blur_strength_tablet=&#8221;1px&#8221; ul_text_shadow_horizontal_length=&#8221;ul_text_shadow_style,%91object Object%93&#8243; ul_text_shadow_horizontal_length_tablet=&#8221;0px&#8221; ul_text_shadow_vertical_length=&#8221;ul_text_shadow_style,%91object Object%93&#8243; ul_text_shadow_vertical_length_tablet=&#8221;0px&#8221; ul_text_shadow_blur_strength=&#8221;ul_text_shadow_style,%91object Object%93&#8243; ul_text_shadow_blur_strength_tablet=&#8221;1px&#8221; ol_text_shadow_horizontal_length=&#8221;ol_text_shadow_style,%91object Object%93&#8243; ol_text_shadow_horizontal_length_tablet=&#8221;0px&#8221; ol_text_shadow_vertical_length=&#8221;ol_text_shadow_style,%91object Object%93&#8243; ol_text_shadow_vertical_length_tablet=&#8221;0px&#8221; ol_text_shadow_blur_strength=&#8221;ol_text_shadow_style,%91object Object%93&#8243; ol_text_shadow_blur_strength_tablet=&#8221;1px&#8221; quote_text_shadow_horizontal_length=&#8221;quote_text_shadow_style,%91object Object%93&#8243; quote_text_shadow_horizontal_length_tablet=&#8221;0px&#8221; quote_text_shadow_vertical_length=&#8221;quote_text_shadow_style,%91object Object%93&#8243; quote_text_shadow_vertical_length_tablet=&#8221;0px&#8221; quote_text_shadow_blur_strength=&#8221;quote_text_shadow_style,%91object Object%93&#8243; quote_text_shadow_blur_strength_tablet=&#8221;1px&#8221; header_text_shadow_horizontal_length=&#8221;header_text_shadow_style,%91object Object%93&#8243; header_text_shadow_horizontal_length_tablet=&#8221;0px&#8221; header_text_shadow_vertical_length=&#8221;header_text_shadow_style,%91object Object%93&#8243; header_text_shadow_vertical_length_tablet=&#8221;0px&#8221; header_text_shadow_blur_strength=&#8221;header_text_shadow_style,%91object Object%93&#8243; header_text_shadow_blur_strength_tablet=&#8221;1px&#8221; header_2_text_shadow_horizontal_length=&#8221;header_2_text_shadow_style,%91object Object%93&#8243; header_2_text_shadow_horizontal_length_tablet=&#8221;0px&#8221; header_2_text_shadow_vertical_length=&#8221;header_2_text_shadow_style,%91object Object%93&#8243; header_2_text_shadow_vertical_length_tablet=&#8221;0px&#8221; header_2_text_shadow_blur_strength=&#8221;header_2_text_shadow_style,%91object Object%93&#8243; header_2_text_shadow_blur_strength_tablet=&#8221;1px&#8221; header_3_text_shadow_horizontal_length=&#8221;header_3_text_shadow_style,%91object Object%93&#8243; header_3_text_shadow_horizontal_length_tablet=&#8221;0px&#8221; header_3_text_shadow_vertical_length=&#8221;header_3_text_shadow_style,%91object Object%93&#8243; header_3_text_shadow_vertical_length_tablet=&#8221;0px&#8221; header_3_text_shadow_blur_strength=&#8221;header_3_text_shadow_style,%91object Object%93&#8243; header_3_text_shadow_blur_strength_tablet=&#8221;1px&#8221; header_4_text_shadow_horizontal_length=&#8221;header_4_text_shadow_style,%91object Object%93&#8243; header_4_text_shadow_horizontal_length_tablet=&#8221;0px&#8221; header_4_text_shadow_vertical_length=&#8221;header_4_text_shadow_style,%91object Object%93&#8243; header_4_text_shadow_vertical_length_tablet=&#8221;0px&#8221; header_4_text_shadow_blur_strength=&#8221;header_4_text_shadow_style,%91object Object%93&#8243; header_4_text_shadow_blur_strength_tablet=&#8221;1px&#8221; header_5_text_shadow_horizontal_length=&#8221;header_5_text_shadow_style,%91object Object%93&#8243; header_5_text_shadow_horizontal_length_tablet=&#8221;0px&#8221; header_5_text_shadow_vertical_length=&#8221;header_5_text_shadow_style,%91object Object%93&#8243; header_5_text_shadow_vertical_length_tablet=&#8221;0px&#8221; header_5_text_shadow_blur_strength=&#8221;header_5_text_shadow_style,%91object Object%93&#8243; header_5_text_shadow_blur_strength_tablet=&#8221;1px&#8221; header_6_text_shadow_horizontal_length=&#8221;header_6_text_shadow_style,%91object Object%93&#8243; header_6_text_shadow_horizontal_length_tablet=&#8221;0px&#8221; header_6_text_shadow_vertical_length=&#8221;header_6_text_shadow_style,%91object Object%93&#8243; header_6_text_shadow_vertical_length_tablet=&#8221;0px&#8221; header_6_text_shadow_blur_strength=&#8221;header_6_text_shadow_style,%91object Object%93&#8243; header_6_text_shadow_blur_strength_tablet=&#8221;1px&#8221; box_shadow_horizontal_tablet=&#8221;0px&#8221; box_shadow_vertical_tablet=&#8221;0px&#8221; box_shadow_blur_tablet=&#8221;40px&#8221; box_shadow_spread_tablet=&#8221;0px&#8221; z_index_tablet=&#8221;500&#8243;]<\/p>\n<p style=\"text-align: center;\"><em>\u201cDiversidad, armon\u00eda y apoyo mutuo\u201d<\/em><\/p>\n<p style=\"text-align: center;\"><em>\u201cCuidado de la tierra y tambi\u00e9n de las personas\u201d<\/em><\/p>\n<p style=\"text-align: center;\"><em>\u201cEspacio de integraci\u00f3n absoluta, donde el respeto y el entendimiento a la tierra han obtenido sus mejores logros\u201d <\/em><\/p>\n<p style=\"text-align: center;\"><em>\u201cInvita a la reflexi\u00f3n sobre la coherencia en las decisiones, en los h\u00e1bitos, en la proactividad, en la filosof\u00eda de vida de cada uno como ser libre y en armon\u00eda con el espacio que habitamos\u201d<\/em><\/p>\n<p style=\"text-align: center;\"><em>\u201cEsta finca va m\u00e1s all\u00e1 de los conceptos permacultura, agroecolog\u00eda, es una forma de vivir, de sentir la naturaleza. Tiene alma, no es s\u00f3lo lo que puedes ver, oler, o tocar en ella. Cada vez que tengo la oportunidad de visitarlos salgo convencida de que este proyecto funciona, est\u00e1 muy vivo, y lejos de conceptos econ\u00f3micos y productivos (de los que no entiendo casi nada) siento que ayuda a este municipio\u201d<\/em><\/p>\n<p style=\"text-align: center;\"><em>\u201cSois un ejemplo a seguir. \u2018Colaboraci\u00f3n, cooperativismo, mecenazgo, bien com\u00fan, ayuda mutua, biodiversidad,\u2026\u2019, que m\u00e1s se puede pedir. Aqu\u00ed todo cabe y nada desentona. En cuanto a las sugerencias solo os puedo pedir que sig\u00e1is haciendo y trabajando como hasta ahora, ya que est\u00e1is en lo correcto. Seguid transmitiendo al mundo vuestra ilusi\u00f3n y vuestros conocimientos\u201d<a href=\"#_ftn1\" name=\"_ftnref1\"><strong>[1]<\/strong><\/a>.<\/em><\/p>\n<p>El m\u00e9todo del ensayo-error detr\u00e1s de la experiencia plasmada en esta gu\u00eda es sin duda parte de la b\u00fasqueda m\u00e1s genuina de lo que nos acerca m\u00e1s a la masa heterog\u00e9nea de diversas formas de vida en la que nos tenemos que integrar plenamente para tener \u00e9xito en el resultado que buscamos. En otras palabras, formar parte integrada del paisaje no como pintor, sino como parte del cuadro.<\/p>\n<p>En las distintas unidades did\u00e1cticas de la Gu\u00eda Formativa PERMIND hemos querido poner de manifiesto c\u00f3mo la Permacultura se identifica con el dise\u00f1o consciente y el mantenimiento de ecosistemas agr\u00edcolas productivos que tienen la diversidad, estabilidad y resistencia de los ecosistemas naturales.\u00a0Mediante la observaci\u00f3n de los ecosistemas naturales dise\u00f1amos sistemas de producci\u00f3n que responden a las necesidades humanas restaurando y protegiendo el medio.<\/p>\n<p>Los sistemas apoyados en los principios de la Permacultura ayudan a esa protecci\u00f3n y restauraci\u00f3n regenerando la calidad del suelo y protegiendo la biodiversidad; integrando los bosques comestibles y bosques jardines comestibles con sus \u00e1rboles fertilizantes; cultivando los suelos con cubiertas permanentes y el reciclaje de nutrientes; gestionando con m\u00e1xima eficiencia la infiltraci\u00f3n del agua de lluvia; reduciendo el consumo de agua generando una menor huella h\u00eddrica; reduciendo el consumo de energ\u00eda con una mayor eficiencia energ\u00e9tica; siendo un modelo de mitigaci\u00f3n al cambio clim\u00e1tico ya que incrementa las fuentes de secuestro del carbono reduciendo los gases de efecto invernadero, y de adaptaci\u00f3n por su resistencia y resiliencia; mejorando la calidad nutrac\u00e9utica de la alimentaci\u00f3n; colaborando en los cierres de ciclos de energ\u00eda, nutrientes, materiales, agua,\u2026; favoreciendo la ampliaci\u00f3n del ciclo de vida de los productos; ayudando a un mayor nivel de resiliencia agroecol\u00f3gica; mejorando el paisaje agrario provey\u00e9ndolo de bosques y jardines comestibles; contribuyendo a la recuperaci\u00f3n de terrenos de cultivo abandonados y degradados evitando la desertificaci\u00f3n; no usando fertilizantes ni abonos qu\u00edmicos; colaborando en la concienciaci\u00f3n y formaci\u00f3n ambiental, etc.<\/p>\n<p>Desde una perspectiva psicosom\u00e1tica nuestro comportamiento en la actualidad es predominantemente sedentario si lo comparamos con\u00a0 la &#8220;edad&#8221; del cerebro, que sigue siendo eminentemente n\u00f3mada. El cerebro \u201cn\u00f3mada\u201d en el desplazamiento por la naturaleza funciona con objetivos de b\u00fasqueda de seguridad en t\u00e9rminos de h\u00e1bitat y alimentaci\u00f3n, de ah\u00ed que desarrolle mecanismos para la consecuci\u00f3n de esos objetivos. La Permacultura emula los principios de la naturaleza transmutando la idea del ecosistema natural en ecosistemas culturales, en jardines y bosques comestibles.<\/p>\n<p>Con las pr\u00e1cticas permaculturales descritas en la Gu\u00eda Formativa PERMIND queremos incentivar la dimensi\u00f3n \u201cn\u00f3mada\u201d presente en nuestro cerebro, haci\u00e9ndolo de una manera fresca y pedag\u00f3gica. Ello ayuda desde el punto de vista terap\u00e9utico ya que con esas pr\u00e1cticas estamos reconect\u00e1ndonos con la naturaleza, que es de d\u00f3nde venimos y a la que le hemos dado la espalda. La conexi\u00f3n con la naturaleza a trav\u00e9s del descubrimiento semana tras semana de &#8220;nuevos asentamientos&#8221; de abastecimiento nutritivo en nuestros jardines y bosques jardines comestibles suponen un reto de nuevos descubrimientos para el cerebro que activa los circuitos de memoria.<\/p>\n<p>En las unidades did\u00e1cticas previas se habla de la <strong>importancia del cultivo en la Permacultura<\/strong>: cultivar la observaci\u00f3n del entorno, cultivar agua y suelo, cultivar biodiversidad. A partir de este sumatorio de cultivos al final se cultivan sin duda alimentos sanos. <strong>Pero para favorecer todos estos cultivos de manera comunitaria hemos de ser conscientes de la importancia del cultivo de las relaciones humanas, en \u00e9l nos va la salud mental<\/strong>: un cultivo de relaciones humanas a trav\u00e9s de nuestra re-conexi\u00f3n con la naturaleza, una naturaleza a la que le hemos dado la espalda con nuestra soberbia tecnol\u00f3gica. Nos toca pasar de la fase de la corresponsabilidad de la destrucci\u00f3n a una fase de la corresponsabilidad en la restauraci\u00f3n. Este es uno de los objetivos de la gu\u00eda y esta es la raz\u00f3n por la que hemos iniciado la Gu\u00eda Formativa PERMIND con el <strong>cultivo de la terapia<\/strong>.<\/p>\n<p><span style=\"color: #b3bf00;\"><strong>Cerramos la gu\u00eda con un<\/strong><\/span><strong> AGRADECIMIENTO PERMACULTURAL <span style=\"color: #b3bf00;\">a todas las personas que a lo largo de los \u00faltimos 23 a\u00f1os han inspirado y compartido el m\u00e9todo del ensayo y error en los cultivos de la observaci\u00f3n y de las relaciones humanas en la Finca El Mato Tinto, sede de la ADP, personas que han estado presentes en la elaboraci\u00f3n, redacci\u00f3n y revisi\u00f3n de la Gu\u00eda Formativa PERMIND. Queremos hacer una especial menci\u00f3n a todas las trabajadoras y trabajadores del Centro Especial de Empleo Finca El Mato Permacultura que inspiraron esta gu\u00eda formativa<\/span><\/strong><span style=\"color: #b3bf00;\">.<\/span><\/p>\n<p><a href=\"#_ftnref1\" name=\"_ftn1\">[1]<\/a> Impresiones de t\u00e9cnicos y pol\u00edticos municipales de la Red Terrae (Asociaci\u00f3n Intermunicipal Red Territorios Reserva Agroecol\u00f3gicos) y del Ayuntamiento de Tacoronte despu\u00e9s de una \u201ctoma de tierra\u201d en la Finca El Mato Tinto el 21 de junio de 2017.<\/p>\n<p>&nbsp;<\/p>\n<p>[\/et_pb_text][et_pb_image _builder_version=&#8221;4.0.6&#8243; src=&#8221;http:\/\/www.permind.eu\/learningplatform\/wp-content\/uploads\/2019\/09\/Ep\u00edlogo.Foto-Final.jpg&#8221; box_shadow_horizontal_tablet=&#8221;0px&#8221; box_shadow_vertical_tablet=&#8221;0px&#8221; box_shadow_blur_tablet=&#8221;40px&#8221; box_shadow_spread_tablet=&#8221;0px&#8221; z_index_tablet=&#8221;500&#8243; \/][\/et_pb_column][\/et_pb_row][\/et_pb_section]<\/p>\n","protected":false},"excerpt":{"rendered":"<p>[et_pb_section bb_built=&#8221;1&#8243;][et_pb_row][et_pb_column type=&#8221;4_4&#8243;][et_pb_text _builder_version=&#8221;4.0.6&#8243; text_text_shadow_horizontal_length=&#8221;text_text_shadow_style,%91object Object%93&#8243; text_text_shadow_horizontal_length_tablet=&#8221;0px&#8221; text_text_shadow_vertical_length=&#8221;text_text_shadow_style,%91object Object%93&#8243; text_text_shadow_vertical_length_tablet=&#8221;0px&#8221; text_text_shadow_blur_strength=&#8221;text_text_shadow_style,%91object Object%93&#8243; text_text_shadow_blur_strength_tablet=&#8221;1px&#8221; link_text_shadow_horizontal_length=&#8221;link_text_shadow_style,%91object Object%93&#8243; link_text_shadow_horizontal_length_tablet=&#8221;0px&#8221; link_text_shadow_vertical_length=&#8221;link_text_shadow_style,%91object Object%93&#8243; link_text_shadow_vertical_length_tablet=&#8221;0px&#8221; link_text_shadow_blur_strength=&#8221;link_text_shadow_style,%91object Object%93&#8243; link_text_shadow_blur_strength_tablet=&#8221;1px&#8221; ul_text_shadow_horizontal_length=&#8221;ul_text_shadow_style,%91object Object%93&#8243; ul_text_shadow_horizontal_length_tablet=&#8221;0px&#8221; ul_text_shadow_vertical_length=&#8221;ul_text_shadow_style,%91object Object%93&#8243; ul_text_shadow_vertical_length_tablet=&#8221;0px&#8221; ul_text_shadow_blur_strength=&#8221;ul_text_shadow_style,%91object Object%93&#8243; ul_text_shadow_blur_strength_tablet=&#8221;1px&#8221; ol_text_shadow_horizontal_length=&#8221;ol_text_shadow_style,%91object Object%93&#8243; ol_text_shadow_horizontal_length_tablet=&#8221;0px&#8221; ol_text_shadow_vertical_length=&#8221;ol_text_shadow_style,%91object Object%93&#8243; ol_text_shadow_vertical_length_tablet=&#8221;0px&#8221; ol_text_shadow_blur_strength=&#8221;ol_text_shadow_style,%91object Object%93&#8243; ol_text_shadow_blur_strength_tablet=&#8221;1px&#8221; quote_text_shadow_horizontal_length=&#8221;quote_text_shadow_style,%91object Object%93&#8243; quote_text_shadow_horizontal_length_tablet=&#8221;0px&#8221; quote_text_shadow_vertical_length=&#8221;quote_text_shadow_style,%91object Object%93&#8243; quote_text_shadow_vertical_length_tablet=&#8221;0px&#8221; quote_text_shadow_blur_strength=&#8221;quote_text_shadow_style,%91object Object%93&#8243; quote_text_shadow_blur_strength_tablet=&#8221;1px&#8221; header_text_shadow_horizontal_length=&#8221;header_text_shadow_style,%91object Object%93&#8243; header_text_shadow_horizontal_length_tablet=&#8221;0px&#8221; header_text_shadow_vertical_length=&#8221;header_text_shadow_style,%91object Object%93&#8243; header_text_shadow_vertical_length_tablet=&#8221;0px&#8221; [&hellip;]<\/p>\n","protected":false},"author":4,"featured_media":0,"parent":0,"menu_order":0,"comment_status":"closed","ping_status":"closed","template":"","meta":{"_et_pb_use_builder":"on","_et_pb_old_content":"","footnotes":""},"_links":{"self":[{"href":"https:\/\/www.permind.eu\/learningplatform\/wp-json\/wp\/v2\/pages\/4840"}],"collection":[{"href":"https:\/\/www.permind.eu\/learningplatform\/wp-json\/wp\/v2\/pages"}],"about":[{"href":"https:\/\/www.permind.eu\/learningplatform\/wp-json\/wp\/v2\/types\/page"}],"author":[{"embeddable":true,"href":"https:\/\/www.permind.eu\/learningplatform\/wp-json\/wp\/v2\/users\/4"}],"replies":[{"embeddable":true,"href":"https:\/\/www.permind.eu\/learningplatform\/wp-json\/wp\/v2\/comments?post=4840"}],"version-history":[{"count":1,"href":"https:\/\/www.permind.eu\/learningplatform\/wp-json\/wp\/v2\/pages\/4840\/revisions"}],"predecessor-version":[{"id":4841,"href":"https:\/\/www.permind.eu\/learningplatform\/wp-json\/wp\/v2\/pages\/4840\/revisions\/4841"}],"wp:attachment":[{"href":"https:\/\/www.permind.eu\/learningplatform\/wp-json\/wp\/v2\/media?parent=4840"}],"curies":[{"name":"wp","href":"https:\/\/api.w.org\/{rel}","templated":true}]}}