{"id":4953,"date":"2019-11-18T14:24:15","date_gmt":"2019-11-18T13:24:15","guid":{"rendered":"http:\/\/www.permind.eu\/learningplatform\/epiloga-in-zahvala\/"},"modified":"2019-12-02T12:30:54","modified_gmt":"2019-12-02T11:30:54","slug":"epiloga-in-zahvala","status":"publish","type":"page","link":"https:\/\/www.permind.eu\/learningplatform\/epiloga-in-zahvala\/?lang=sl","title":{"rendered":"EPILOGA IN ZAHVALA"},"content":{"rendered":"<p>[et_pb_section bb_built=&#8221;1&#8243;][et_pb_row][et_pb_column type=&#8221;4_4&#8243;][et_pb_text _builder_version=&#8221;4.0.6&#8243; text_text_shadow_horizontal_length=&#8221;text_text_shadow_style,%91object Object%93&#8243; text_text_shadow_horizontal_length_tablet=&#8221;0px&#8221; text_text_shadow_vertical_length=&#8221;text_text_shadow_style,%91object Object%93&#8243; text_text_shadow_vertical_length_tablet=&#8221;0px&#8221; text_text_shadow_blur_strength=&#8221;text_text_shadow_style,%91object Object%93&#8243; text_text_shadow_blur_strength_tablet=&#8221;1px&#8221; link_text_shadow_horizontal_length=&#8221;link_text_shadow_style,%91object Object%93&#8243; link_text_shadow_horizontal_length_tablet=&#8221;0px&#8221; link_text_shadow_vertical_length=&#8221;link_text_shadow_style,%91object Object%93&#8243; link_text_shadow_vertical_length_tablet=&#8221;0px&#8221; link_text_shadow_blur_strength=&#8221;link_text_shadow_style,%91object Object%93&#8243; link_text_shadow_blur_strength_tablet=&#8221;1px&#8221; ul_text_shadow_horizontal_length=&#8221;ul_text_shadow_style,%91object Object%93&#8243; ul_text_shadow_horizontal_length_tablet=&#8221;0px&#8221; ul_text_shadow_vertical_length=&#8221;ul_text_shadow_style,%91object Object%93&#8243; ul_text_shadow_vertical_length_tablet=&#8221;0px&#8221; ul_text_shadow_blur_strength=&#8221;ul_text_shadow_style,%91object Object%93&#8243; ul_text_shadow_blur_strength_tablet=&#8221;1px&#8221; ol_text_shadow_horizontal_length=&#8221;ol_text_shadow_style,%91object Object%93&#8243; ol_text_shadow_horizontal_length_tablet=&#8221;0px&#8221; ol_text_shadow_vertical_length=&#8221;ol_text_shadow_style,%91object Object%93&#8243; ol_text_shadow_vertical_length_tablet=&#8221;0px&#8221; ol_text_shadow_blur_strength=&#8221;ol_text_shadow_style,%91object Object%93&#8243; ol_text_shadow_blur_strength_tablet=&#8221;1px&#8221; quote_text_shadow_horizontal_length=&#8221;quote_text_shadow_style,%91object Object%93&#8243; quote_text_shadow_horizontal_length_tablet=&#8221;0px&#8221; quote_text_shadow_vertical_length=&#8221;quote_text_shadow_style,%91object Object%93&#8243; quote_text_shadow_vertical_length_tablet=&#8221;0px&#8221; quote_text_shadow_blur_strength=&#8221;quote_text_shadow_style,%91object Object%93&#8243; quote_text_shadow_blur_strength_tablet=&#8221;1px&#8221; header_text_shadow_horizontal_length=&#8221;header_text_shadow_style,%91object Object%93&#8243; header_text_shadow_horizontal_length_tablet=&#8221;0px&#8221; header_text_shadow_vertical_length=&#8221;header_text_shadow_style,%91object Object%93&#8243; header_text_shadow_vertical_length_tablet=&#8221;0px&#8221; header_text_shadow_blur_strength=&#8221;header_text_shadow_style,%91object Object%93&#8243; header_text_shadow_blur_strength_tablet=&#8221;1px&#8221; header_2_text_shadow_horizontal_length=&#8221;header_2_text_shadow_style,%91object Object%93&#8243; header_2_text_shadow_horizontal_length_tablet=&#8221;0px&#8221; header_2_text_shadow_vertical_length=&#8221;header_2_text_shadow_style,%91object Object%93&#8243; header_2_text_shadow_vertical_length_tablet=&#8221;0px&#8221; header_2_text_shadow_blur_strength=&#8221;header_2_text_shadow_style,%91object Object%93&#8243; header_2_text_shadow_blur_strength_tablet=&#8221;1px&#8221; header_3_text_shadow_horizontal_length=&#8221;header_3_text_shadow_style,%91object Object%93&#8243; header_3_text_shadow_horizontal_length_tablet=&#8221;0px&#8221; header_3_text_shadow_vertical_length=&#8221;header_3_text_shadow_style,%91object Object%93&#8243; header_3_text_shadow_vertical_length_tablet=&#8221;0px&#8221; header_3_text_shadow_blur_strength=&#8221;header_3_text_shadow_style,%91object Object%93&#8243; header_3_text_shadow_blur_strength_tablet=&#8221;1px&#8221; header_4_text_shadow_horizontal_length=&#8221;header_4_text_shadow_style,%91object Object%93&#8243; header_4_text_shadow_horizontal_length_tablet=&#8221;0px&#8221; header_4_text_shadow_vertical_length=&#8221;header_4_text_shadow_style,%91object Object%93&#8243; header_4_text_shadow_vertical_length_tablet=&#8221;0px&#8221; header_4_text_shadow_blur_strength=&#8221;header_4_text_shadow_style,%91object Object%93&#8243; header_4_text_shadow_blur_strength_tablet=&#8221;1px&#8221; header_5_text_shadow_horizontal_length=&#8221;header_5_text_shadow_style,%91object Object%93&#8243; header_5_text_shadow_horizontal_length_tablet=&#8221;0px&#8221; header_5_text_shadow_vertical_length=&#8221;header_5_text_shadow_style,%91object Object%93&#8243; header_5_text_shadow_vertical_length_tablet=&#8221;0px&#8221; header_5_text_shadow_blur_strength=&#8221;header_5_text_shadow_style,%91object Object%93&#8243; header_5_text_shadow_blur_strength_tablet=&#8221;1px&#8221; header_6_text_shadow_horizontal_length=&#8221;header_6_text_shadow_style,%91object Object%93&#8243; header_6_text_shadow_horizontal_length_tablet=&#8221;0px&#8221; header_6_text_shadow_vertical_length=&#8221;header_6_text_shadow_style,%91object Object%93&#8243; header_6_text_shadow_vertical_length_tablet=&#8221;0px&#8221; header_6_text_shadow_blur_strength=&#8221;header_6_text_shadow_style,%91object Object%93&#8243; header_6_text_shadow_blur_strength_tablet=&#8221;1px&#8221; box_shadow_horizontal_tablet=&#8221;0px&#8221; box_shadow_vertical_tablet=&#8221;0px&#8221; box_shadow_blur_tablet=&#8221;40px&#8221; box_shadow_spread_tablet=&#8221;0px&#8221; z_index_tablet=&#8221;500&#8243;]<\/p>\n<p style=\"text-align: center;\"><em>&#8220;<\/em><em>Raznolikost, harmonija in medsebojna podpora<\/em><em>&#8220;<\/em><\/p>\n<p style=\"text-align: center;\"><em>&#8220;<\/em><em>Skrb za Zemljo in njene ljudi<\/em><em>&#8220;<\/em><\/p>\n<p style=\"text-align: center;\"><em>&#8220;<\/em><em>Kraj popolne integracije, kjer sta spo\u0161tovanje in razumevanje zemlje dosegla svoje najbolj\u0161e dose\u017eke.<\/em><em>&#8221; <\/em><\/p>\n<p style=\"text-align: center;\"><em>&#8220;<\/em><em>Vabi k razmisleku o dosedanjih odlo\u010ditvah, navadah, proaktivnosti, \u017eivljenjski filozofiji vsakega izmed nas kot svobodna bitja in v sozvo\u010dju s krajem, kjer \u017eivimo.<\/em><em>&#8220;<\/em><\/p>\n<p style=\"text-align: center;\"><em>\u201cTa kmetija presega koncepte permakulture in agroekologije; je na\u010din \u017eivljenja in ob\u010dutek do narave. Ima du\u0161o, ni samo to, kar lahko vidi\u0161, vonja\u0161 ali tipa\u0161. Vsaki\u010d, ko imam prilo\u017enost, da jih obi\u0161\u010dem, se prepri\u010dam, da ta projekt deluje, da je zelo \u017eiv in dale\u010d stran od ekonomskih ali produktivnih konceptov (ki jih komaj razumem) ter \u010dutim, da pomaga soseski.<\/em>\u201d<\/p>\n<p style=\"text-align: center;\"><em>\u201c<\/em><em>Vi ste primer, ki mu moramo slediti. \u201eSodelovanje, vodenje, skupno dobro, medsebojna pomo\u010d, biotska raznovrstnost\u2026\u201c; kaj ve\u010d bi lahko imeli? Tu ima vse svoje mesto in ni\u010d si ne nasprotuje. V zvezi s predlogi vas lahko prosim, da nadaljujete z delom kot doslej, ker ste na pravi poti. \u0160e naprej delite svoje navdu\u0161enje in znanje s svetom. &#8220;<\/em><\/p>\n<p>Metoda preizku\u0161anja in napak, na katero se opira ta izku\u0161nja, opisana v tem priro\u010dniku, je gotovo del najbolj pristnega iskanja tistega, kar nas pribli\u017ea mno\u017eici razli\u010dnih oblik \u017eivljenja, v katero se moramo v celoti vklju\u010diti, da bi dosegli rezultat, ki ga i\u0161\u010demo. Z drugimi besedami, postati moramo sestavni del pokrajine ne kot slikar, ampak kot del slike.<\/p>\n<p>V razli\u010dnih u\u010dnih enotah vodnika PERMIND smo \u017eeleli razkriti, kako se permakultura poistoveti z zavestnim oblikovanjem in vzdr\u017eevanjem produktivnih kmetijskih ekosistemov, ki imajo raznolikost, stabilnost in mo\u010d naravnih ekosistemov. Z opazovanjem naravnih ekosistemov oblikujemo proizvodne sisteme, ki ustrezajo \u010dlove\u0161kim potrebam ter obnavljanju in ohranjanju okolja.<\/p>\n<p>Sistemi, ki temeljijo na permakulturnih na\u010delih, spodbujajo za\u0161\u010dito in obnovo \u00a0tal, \u0161\u010ditijo biotsko raznovrstnost, vklju\u010dujejo zelenjavne vrtove in vrtne gozdove z drevesi. Obdelovati tla s stalnim prekrivanjem in recikliranjem hranil; najbolj u\u010dinkovito upravljati z infiltracijo de\u017eevnice; zmanj\u0161ati porabo vode; zmanj\u0161ati porabo energije z ve\u010djo energijsko u\u010dinkovitostjo; je model prilagajanja podnebnim spremembam in model za ubla\u017eitev, ki zmanj\u0161uje ogljik v ozra\u010dju, da bi se boril proti toplogrednim u\u010dinkom in podnebnim spremembam; izbolj\u0161ati prehransko kakovost hrane; pomagati zapreti razli\u010dne cikle: energija, hranila, materiali in voda; podalj\u0161ati \u017eivljenjski cikel izdelkov; pomagati pri agroekolo\u0161ki odpornosti; zagotoviti zelenjavne vrtove in vrtne gozdove za izbolj\u0161anje kmetijske krajine; prispevati k predelavi opu\u0161\u010denih in degradiranih obdelovalnih zemlji\u0161\u010d, da bi ustavili opu\u0161\u010danje; ne uporabljati gnojila ali kemi\u010dnega gnoja; pomo\u010d pri ozave\u0161\u010danju in usposabljanju o okoljskih vpra\u0161anjih itd.<\/p>\n<p>S psihosomatskega vidika je na\u0161e trenutno vedenje na splo\u0161no sede\u010de, \u010de ga primerjamo z mo\u017egansko &#8220;starostjo&#8221; mo\u017eganov, ki je \u0161e vedno prete\u017eno nomadska. &#8220;Nomadski&#8221; premik mo\u017eganov v naravi deluje v skladu z varnostnimi cilji, kot sta habitat in hrana; zato so razviti nekateri mehanizmi za dosego teh ciljev. Permakultura opona\u0161a na\u010dela narave, ki prena\u0161ajo idejo o naravnem ekosistemu v kulturnih ekosistemih in v zelenjavnih vrtovih in vrtnih gozdovih.<\/p>\n<p>\u017delimo promovirati nomadsko razse\u017enost na\u0161ih mo\u017eganov s permakulturnimi praksami v sve\u017ei in pedago\u0161ki dimenziji. To pomaga s terapevtskega vidika, saj nas te prakse ponovno povezujejo z naravo, od kod prihajamo in kateri smo obrnili hrbet. Povezava z naravo z vsakodnevnim odkrivanjem \u00bbnovih naselij\u00ab prehranske oskrbe v na\u0161ih u\u017eitnih vrtovih in vrtnih gozdovih je izziv novih odkritij za mo\u017egane, ki spodbujajo na\u0161 spominski sistem.<\/p>\n<p>V prej\u0161njih u\u010dnih enotah smo govorili o <strong>pomenu gojenja v permakulturi<\/strong>: negovanju okolja, opazovanju vode in zemlje, gojenju biotske raznovrstnosti. \u010ce se\u0161tejemo vse to, je nedvomno, da vzgojimo zdrave pridelke. Da pa bi te pridelke imeli \u0161e ve\u010djo vrednost, se moramo zavedati pomena <strong>gojenja \u010dlove\u0161kih odnosov<\/strong>; tu se zgodi du\u0161evno zdravje. To je gojenje \u010dlove\u0161kih odnosov s povezovanjemz naravo, ki smo ji s svojo tehnolo\u0161ko arogance obrnili hrbet. Moramo preiti iz faze soodgovornosti uni\u010denja v fazo soodgovornosti pri obnovi. To je eden od ciljev tega priro\u010dnika in razlog, da smo napisali vodnik PERMIND v prvi vrsti z <strong>gojenjem terapije<\/strong>.<\/p>\n<p><span style=\"color: #b3bf00;\"><strong>Zdaj vodnik zaklju\u010dujemos<\/strong><\/span> <strong>PERMAKULTURNIMI PRIZNANJEM <span style=\"color: #b3bf00;\">vsem, ki so v zadnjih 23 letih delili na\u0161o metodo poskusov in napak pri opazovanju ingojenju \u010dlove\u0161kih odnosov\u00a0 na kmetiji Finca El Mato Tinto. Tistim osebam, ki so sodelovale pri razvoju, urejanju in reviziji vodnikov PERMIND. Zlasti se \u017eelimo sklicevati na delavce posebnega centra za zaposlovanje Finca El Mato Permacultura, ki so bili navdih za izdelavo tega vodnika za usposabljanje.<\/span><\/strong><\/p>\n<p>[\/et_pb_text][et_pb_image _builder_version=&#8221;4.0.6&#8243; src=&#8221;http:\/\/www.permind.eu\/learningplatform\/wp-content\/uploads\/2019\/09\/Ep\u00edlogo.Foto-Final.jpg&#8221; box_shadow_horizontal_tablet=&#8221;0px&#8221; box_shadow_vertical_tablet=&#8221;0px&#8221; box_shadow_blur_tablet=&#8221;40px&#8221; box_shadow_spread_tablet=&#8221;0px&#8221; z_index_tablet=&#8221;500&#8243; \/][\/et_pb_column][\/et_pb_row][\/et_pb_section]<\/p>\n","protected":false},"excerpt":{"rendered":"<p>[et_pb_section bb_built=&#8221;1&#8243;][et_pb_row][et_pb_column type=&#8221;4_4&#8243;][et_pb_text _builder_version=&#8221;4.0.6&#8243; text_text_shadow_horizontal_length=&#8221;text_text_shadow_style,%91object Object%93&#8243; text_text_shadow_horizontal_length_tablet=&#8221;0px&#8221; text_text_shadow_vertical_length=&#8221;text_text_shadow_style,%91object Object%93&#8243; text_text_shadow_vertical_length_tablet=&#8221;0px&#8221; text_text_shadow_blur_strength=&#8221;text_text_shadow_style,%91object Object%93&#8243; text_text_shadow_blur_strength_tablet=&#8221;1px&#8221; link_text_shadow_horizontal_length=&#8221;link_text_shadow_style,%91object Object%93&#8243; link_text_shadow_horizontal_length_tablet=&#8221;0px&#8221; link_text_shadow_vertical_length=&#8221;link_text_shadow_style,%91object Object%93&#8243; link_text_shadow_vertical_length_tablet=&#8221;0px&#8221; link_text_shadow_blur_strength=&#8221;link_text_shadow_style,%91object Object%93&#8243; link_text_shadow_blur_strength_tablet=&#8221;1px&#8221; ul_text_shadow_horizontal_length=&#8221;ul_text_shadow_style,%91object Object%93&#8243; ul_text_shadow_horizontal_length_tablet=&#8221;0px&#8221; ul_text_shadow_vertical_length=&#8221;ul_text_shadow_style,%91object Object%93&#8243; ul_text_shadow_vertical_length_tablet=&#8221;0px&#8221; ul_text_shadow_blur_strength=&#8221;ul_text_shadow_style,%91object Object%93&#8243; ul_text_shadow_blur_strength_tablet=&#8221;1px&#8221; ol_text_shadow_horizontal_length=&#8221;ol_text_shadow_style,%91object Object%93&#8243; ol_text_shadow_horizontal_length_tablet=&#8221;0px&#8221; ol_text_shadow_vertical_length=&#8221;ol_text_shadow_style,%91object Object%93&#8243; ol_text_shadow_vertical_length_tablet=&#8221;0px&#8221; ol_text_shadow_blur_strength=&#8221;ol_text_shadow_style,%91object Object%93&#8243; ol_text_shadow_blur_strength_tablet=&#8221;1px&#8221; quote_text_shadow_horizontal_length=&#8221;quote_text_shadow_style,%91object Object%93&#8243; quote_text_shadow_horizontal_length_tablet=&#8221;0px&#8221; quote_text_shadow_vertical_length=&#8221;quote_text_shadow_style,%91object Object%93&#8243; quote_text_shadow_vertical_length_tablet=&#8221;0px&#8221; quote_text_shadow_blur_strength=&#8221;quote_text_shadow_style,%91object Object%93&#8243; quote_text_shadow_blur_strength_tablet=&#8221;1px&#8221; header_text_shadow_horizontal_length=&#8221;header_text_shadow_style,%91object Object%93&#8243; header_text_shadow_horizontal_length_tablet=&#8221;0px&#8221; header_text_shadow_vertical_length=&#8221;header_text_shadow_style,%91object Object%93&#8243; header_text_shadow_vertical_length_tablet=&#8221;0px&#8221; [&hellip;]<\/p>\n","protected":false},"author":4,"featured_media":0,"parent":0,"menu_order":0,"comment_status":"closed","ping_status":"closed","template":"","meta":{"_et_pb_use_builder":"on","_et_pb_old_content":"","footnotes":""},"_links":{"self":[{"href":"https:\/\/www.permind.eu\/learningplatform\/wp-json\/wp\/v2\/pages\/4953"}],"collection":[{"href":"https:\/\/www.permind.eu\/learningplatform\/wp-json\/wp\/v2\/pages"}],"about":[{"href":"https:\/\/www.permind.eu\/learningplatform\/wp-json\/wp\/v2\/types\/page"}],"author":[{"embeddable":true,"href":"https:\/\/www.permind.eu\/learningplatform\/wp-json\/wp\/v2\/users\/4"}],"replies":[{"embeddable":true,"href":"https:\/\/www.permind.eu\/learningplatform\/wp-json\/wp\/v2\/comments?post=4953"}],"version-history":[{"count":3,"href":"https:\/\/www.permind.eu\/learningplatform\/wp-json\/wp\/v2\/pages\/4953\/revisions"}],"predecessor-version":[{"id":5022,"href":"https:\/\/www.permind.eu\/learningplatform\/wp-json\/wp\/v2\/pages\/4953\/revisions\/5022"}],"wp:attachment":[{"href":"https:\/\/www.permind.eu\/learningplatform\/wp-json\/wp\/v2\/media?parent=4953"}],"curies":[{"name":"wp","href":"https:\/\/api.w.org\/{rel}","templated":true}]}}